pose q + 3*x + 0 = 5, -5*q = -5*x - 5. Let k(a) = -4*a**q - 2*a + 4*a - a. Determine k(r).
-3
Let a(c) = -c**3 - c**2 + c - 8. Let v = -48 - -48. Give a(v).
-8
Let a(i) = i + 1 - 6*i - i**2 + 2 - 3*i. Determine a(-8).
3
Let y(l) = -l**2 - 2 + 4*l + 2 + 7. Calculate y(5).
2
Let m(i) = -4*i + 5. Let l(s) = -25 + 2*s + 26*s - 7*s. Let t(d) = -2*l(d) - 11*m(d). Let a be (-32)/(-6) - (-1)/(-3). Give t(a).
5
Let r(m) = -m**3 - 6*m**2 - 5*m. Suppose -3*l + 3*x + 3 = 0, 2*l + 2 = -x + 7. Suppose -7*f = -l*f + 25. Calculate r(f).
0
Let a(v) = -v**3 + 6*v**2 - v + 4. Let b(s) = -s**3 + 9*s**2 + 10*s + 6. Let x be b(10). Determine a(x).
-2
Let f(q) = -q**3 + q**2 + q - 1. Let d(h) = 3*h**3 - 7*h**2 - 6*h + 8. Let y(o) = d(o) + 4*f(o). Calculate y(-3).
10
Let r(w) be the first derivative of -w**4/4 + 2*w**3/3 + w**2/2 - 3*w + 1. Let p(y) = 3*y - 21. Let s be p(8). What is r(s)?
-9
Let o(v) = -v**3 - 7*v**2 - 7*v + 2. Let y = 42 + -47. Give o(y).
-13
Let w(s) = 5*s**2 + 8*s - 15. Let x(i) = 2*i**2 + 4*i - 7. Let q(u) = 4*w(u) - 9*x(u). Suppose r - 2*r = -3. Give q(r).
9
Let k(s) = 2*s + 10. Let z(l) = -l. Let o(g) = -k(g) - z(g). Determine o(-7).
-3
Suppose -2*x + 6 = 0, 4*v + 4*x = 3*v + 15. Let f(l) = 5 - 2*l - 1 + v - 5. What is f(4)?
-6
Let i(d) = -d**2 - 1. Let a(o) = -3*o**2 - o + 2. Let z(j) = -a(j) + 2*i(j). Let v(g) = -g**3 + g**2 - 1. Let h be v(0). Let p be -1*(-2 + 2)*h. Calculate z(p).
-4
Let g(s) be the first derivative of s**4/4 + 4*s**3/3 - 4*s**2 - 6*s - 37. What is g(-5)?
9
Let j(z) = 2*z - 2 + z - 5. Let o(m) = m. Let y(t) = j(t) - 2*o(t). Suppose -4*k - 4 = -2*q, -q - 4 = -k - 6. What is y(k)?
-7
Let a be 18/(-4) + (-1)/2. Let x(g) be the first derivative of -g**4/4 - 5*g**3/3 - g**2/2 + 2*g + 7. What is x(a)?
7
Let s(i) = 0 + 1 + 5*i**2 + 3*i - 2*i. What is s(-1)?
5
Let y be (-66)/(-14) + (-2)/(-7). Let d(p) be the second derivative of -p**4/12 + 5*p**3/6 + p**2 - 7*p + 2. Determine d(y).
2
Let j be (2 + -1)/((-3)/9). Let f be 10/j*(-27)/(-18). Let l(n) = n**3 + 4*n**2 - 3*n + 4. What is l(f)?
-6
Suppose 0 = -0*t + 2*t - 6. Let o(d) be the third derivative of -d**5/60 + d**3/3 + 8*d**2. Determine o(t).
-7
Suppose 4*w - 4*d - 12 = 0, -d = 2*w - 0*w - 9. Suppose l - 3 = w*l. Let p(j) = -7*j - 1. What is p(l)?
6
Let p(v) = -v**3 - 5*v**2 + 8*v + 7. Let g be p(-6). Let z(f) = -5*f + 12. Let c(j) = 6*j - 6 - 3*j + 0*j. Let x(a) = -7*c(a) - 4*z(a). Calculate x(g).
-1
Let x(o) = 0 - 8*o - o**2 + 2*o - 1. Determine x(-7).
-8
Let w(u) be the third derivative of -u**5/60 - u**4/12 + 2*u**3/3 + 13*u**2. Determine w(-5).
-11
Let q(r) = 1 + 2*r + r + 0. Let y = 5 - 2. Let h be (-2)/(1 + y + -3). Determine q(h).
-5
Let r = 6 - 3. Let b(g) = -r*g + 0 + 1 - 2. What is b(2)?
-7
Let v(x) = x**2 + 2*x + 4. Let o(z) = -7*z + 39. Let r be o(6). Calculate v(r).
7
Let l(d) = -5*d**2 + 6*d + 3. Let a(s) = -s**2 + s + 1. Let u(b) = -4*a(b) + l(b). Let i be u(3). Let r(t) = -t**2 - 3*t - 4. Determine r(i).
-8
Let z be ((-21)/9 - -3)*-3. Let k(h) = -h + 4*h + 2 - h. Determine k(z).
-2
Let c(z) = -6*z**2 - 7*z + 1. Let n(a) = -7*a**2 - 8*a + 2. Let y(g) = 6*c(g) - 5*n(g). Determine y(-3).
-7
Let l(c) = 12*c**3 + 3*c - 7. Let q(h) = -4*h**3 - h + 2. Let w(z) = -2*l(z) - 7*q(z). Give w(-1).
-5
Suppose -f + 33 = -5*p, -5*f - p + 45 = -2*p. Suppose 0 = 5*r + 2*q - f, -r - 2*q = -3*q - 3. Suppose z = r*z - 3. Let g(i) = -2*i - 2. Determine g(z).
-8
Let b(w) = 6*w**2 - 4. Let a(s) = -12*s**2 + 7. Let g(t) = -t**2 - 8*t + 5. Let m be g(-8). Let z(f) = m*b(f) + 3*a(f). Calculate z(1).
-5
Suppose 2*r - 17 = -1. Let t(x) = -x + 1. What is t(r)?
-7
Suppose -2*o - 10 = -2*c, -o - c = -0*o - 5. Let w = -6 - -7. Let z(d) = -d + w + 0*d + 1. Give z(o).
2
Let j be 4*(6/(-4) - -2). Let c(d) = d - 4*d**j - 6*d**2 + 7*d**2 + 2. Give c(2).
-8
Suppose -b + 15 = 4*y, -y + 57 = 5*b + y. Let q(x) = -2*x + 16. Let v be q(b). Let m = v + 7. Let a(j) = -4*j. Calculate a(m).
-4
Let n(x) = -2*x**2 - 4*x - 1. Suppose -2*d = 3*d + 15. Give n(d).
-7
Let i(d) be the second derivative of -d**5/120 + d**4/6 + d**3/6 - d. Let w(t) be the second derivative of i(t). Give w(6).
-2
Let x(i) be the third derivative of i**9/20160 - i**8/20160 + i**5/20 + i**2. Let w(s) be the third derivative of x(s). Determine w(1).
2
Let y = 34 + -37. Let f(r) = -r**2 - 6*r + 3. Give f(y).
12
Let q = -62 + 70. Let v(i) = -i**3 + 9*i**2 - 7*i - 3. Determine v(q).
5
Let h(c) be the third derivative of c**5/60 - 5*c**4/24 - 11*c**3/6 - 10*c**2. What is h(8)?
13
Let q(m) be the third derivative of 1/3*m**3 + 1/4*m**4 + 9*m**2 + 0 + 1/60*m**5 + 0*m. Let v = 6 - 11. Calculate q(v).
-3
Suppose 1 = -3*q - 8. Let h be q/3 + (-1 - 1). Let f(w) = w**3 + 3*w**2 - 2. Determine f(h).
-2
Let b(j) = -j + 4. Let f(a) = 4. Suppose -3 = -t - 1. Let m(z) = t*f(z) - 3*b(z). Give m(4).
8
Let u be -1 + 1 + 2 + -2. Let n be 1 + (2 - (u - -2)). Let i(o) = -2*o - 2*o + 2 + 0 - 1. Calculate i(n).
-3
Let k(p) = -3*p**3 + 2*p**2 + 7*p - 8. Let v(o) = -o**3 - o**2 - 1. Let g(i) = k(i) - 2*v(i). Let r = -29 - -20. Let u = 14 + r. Give g(u).
4
Let w be (-2)/(-4)*0/(-9). Let i(b) be the second derivative of -2/3*b**4 - 3*b + w*b**3 + 0*b**2 + 0. Determine i(1).
-8
Let j(m) = 0*m + 6 - 17 + m + 2*m. What is j(8)?
13
Let x(p) be the first derivative of -2*p**3 + 5*p**2/2 + 5*p - 2. Let c(v) = -5*v**2 + 5*v + 4. Let f(g) = -5*c(g) + 4*x(g). Determine f(4).
-4
Let x(t) = 4*t - 6*t - 1 - t**2 + 2*t. Let b(v) = v + 4. Let s be b(3). Suppose -s*h + 10 = -2*h. What is x(h)?
-5
Let j(q) = 6*q + 3. Let u be (0 - (-3)/6)*6. Let a(d) = 7*d + 4. Let v(i) = u*a(i) - 4*j(i). What is v(-2)?
6
Let r(i) = 7*i - 9. Let b(j) = -29*j + 21. Let v(z) = 14*z - 11. Let f(h) = -3*b(h) - 7*v(h). Let y(w) = 5*f(w) + 8*r(w). Calculate y(5).
3
Let w(b) = -b**3 - 4*b**2 - b - 5. Let a(m) = -m - 6. Let c be a(-7). Let t = c - 5. Give w(t).
-1
Let h(x) = -1 + 7*x - 2*x + x**2 + 0. Give h(-5).
-1
Let y(w) = w**2 + w - 24. Let v be 3*(-4)/(-4) - 3. Give y(v).
-24
Let u be 8/44 - (-46)/(-11). Let y(a) be the second derivative of -a**5/20 - a**4/3 + a**3/3 + 3*a**2/2 - 11*a. Determine y(u).
-5
Let t be (0 - 1)*(-3)/(-1). Let b(x) = x**3 + 2*x**2 - x + 1. Determine b(t).
-5
Let v(g) = g**2 + 5*g + 4. Let j(r) = r - 5. Let s be j(-9). Let n be s + -2*(1 - 2). Let k = n + 7. What is v(k)?
4
Let f(w) = -4*w - 9. Let m(t) = -t - 1. Let v(a) = 8*a + 2. Let b be v(2). Suppose 2*z - b = 5*z. Let j(r) = z*m(r) + f(r). What is j(5)?
7
Let o(l) be the first derivative of l**3/3 - 3*l**2/2 + l + 5. Let h(w) = -w - 6. Let f be h(5). Let k = -7 - f. Calculate o(k).
5
Let b(g) be the second derivative of 1/2*g**2 + 3*g + 1/3*g**3 + 0 - 1/6*g**4 - 1/20*g**5. Give b(-2).
-3
Let l(j) be the third derivative of 0*j + 1/6*j**3 + 0 + 1/60*j**6 - 1/30*j**5 - 1/12*j**4 + 6*j**2. Calculate l(2).
5
Let b(i) = -2*i + 7. Let z be b(4). Let k(y) = -2*y - 1. Let c be k(z). Let q(l) = 12*l**3 - 2*l + 1. Calculate q(c).
11
Let x(m) = 2 + 0*m - m + 0. Suppose 2*h - h = 0. Suppose -2*w + 6*w = h. Give x(w).
2
Let k(a) be the first derivative of -4*a**2 - a + 3. Let d = 0 + -1. What is k(d)?
7
Suppose 0*u + 16 = 2*u. Let y be 3/((-12)/u) + 8. Let k(n) = n**3 - 6*n**2 + 2*n - 6. Calculate k(y).
6
Let w(r) = -r**3 - 8*r**2 + 2*r + 10. Let k be w(-8). Let d = k + 9. Let o(u) be the third derivative of -u**6/120 + u**5/20 + u**4/12 + 5*u**2. Give o(d).
6
Let v(r) = 3*r + 4. Let q(f) = -3*f + 3. Let o(p) = p**2 - 4*p + 3. Let g(y) = 2*o(y) - 3*q(y). Let s be g(0). Give v(s).
-5
Let j(i) be the first derivative of i**6/20 + i**5/60 - i**4/24 - i**3/6 + 2*i**2 + 1. Let h(v) be the second derivative of j(v). Give h(-1).
-5
Let g = 5 + 0. Let b(y) = -y**2 + 7*y. What is b(g)?
10
Let p(l) be the first derivative of l**4/4 + 5*l**3/3 - l**2/2 - 6*l + 5. Calculate p(-5).
-1
Suppose -j + 5*t + 17 = 0, 3*j + t = 2*t + 9. Let q be 16/8*(0 - -1). Let z(o) = -4*o - 7*o - q + 10*o. Give z(j).
-4
Let p(w) = 2*w - 8. Let f(z) = -9*z + 41. Let o(j) = 2*f(j) + 11*p(j). Determine o(4).
10
Let w = -4 + 5. Let s = w - -4. Suppose s*z + 23 = -2. Let o(b) = -b**2 - 3*b + 4. What is o(z)?
-6
Let d(v) = -v + 11. Let u be (10/(-4))/(1/(-4)). Let k be d(u). Suppose f + k - 3 = 0. Let z(w) = 2*w**2 - 2. What is z(f)?
6
Let z(h) be the first deriva